2 = 0. List the prime factors of p.
41
Let j = 3970 - -3053. What are the prime factors of j?
3, 2341
Let g(p) = 59*p**2 - 6*p + 5. Let j be g(1). Suppose j*d = 56*d + 16. Suppose -d*m + 336 = -5*m. What are the prime factors of m?
2, 7
Let z(g) = -2*g**3 - 3*g. Let p be z(-3). Let a(i) = -3*i**3 - 18*i**2 + 2*i - 39. Let q be a(-6). Let j = q + p. What are the prime factors of j?
2, 3
Suppose -70644 = -8*r - 7316. What are the prime factors of r?
2, 1979
Suppose -4*j = 25 - 13. Let c be (-3)/(j - 48/(-20)). Suppose -q = -5*q + c*i + 662, 3*q = 2*i + 500. What are the prime factors of q?
2, 3, 7
Suppose -503*p - 92729 = -3*q - 505*p, 2*q - 61822 = -2*p. List the prime factors of q.
31, 997
Let i = 346 - 349. What are the prime factors of i*(-3365)/60*4?
673
Let b = 22 - 12. Let f(p) = p**3 - 6*p**2 + 7*p - 5. Let g be f(5). Suppose -g*w = -295 - b. What are the prime factors of w?
61
Suppose 19833772 = 323*z - 9011097. List the prime factors of z.
89303
What are the prime factors of (3824/(-192)*52)/(2/(-6))?
13, 239
Let t(f) = f**2 - f - 58. Let i = 45 - 45. Let r be t(i). Let z = -13 - r. What are the prime factors of z?
3, 5
Let y = -181 - 41. What are the prime factors of (1 + -124)*740/y?
2, 5, 41
Let n(q) = 2*q**2 + 28*q - 12. Let t be (-4 + (-70)/(-4))*(-4)/(-6). What are the prime factors of n(t)?
2, 3, 67
Let s = -605 + 603. List the prime factors of 12086/14 - s*(-6)/42.
863
Let d(q) = -7*q - 14. Let b be d(-22). Let a be 6*(-4)/8*1 - b. Let r = -39 - a. What are the prime factors of r?
2, 13
Let d(u) = 11*u**2 - 36*u - 22 - 2*u**2 + 24*u + u**3. Suppose 4*j = 4*n - 36, -2*n + n = -5*j - 45. List the prime factors of d(j).
2, 43
Let z(w) be the third derivative of w**6/120 + 4*w**5/15 + 7*w**4/24 - 5*w**3 + 47*w**2 + 1. List the prime factors of z(-14).
2, 3, 11
Suppose -347*p = -359*p + 83760. What are the prime factors of p?
2, 5, 349
Let o be (-6)/9*6*24/(-16). Suppose 0 = o*x - 20*x + 2198. List the prime factors of x.
157
Let z(a) = -2*a - 9 + 10 + 9. Let g be z(-5). List the prime factors of (-238)/(-8) - (-5)/g.
2, 3, 5
Let i(f) = 11*f**3 - 4*f**2 - 2*f + 10. Let w be i(3). Suppose -w*b = -276*b + 11605. List the prime factors of b.
5, 211
Suppose 2*w - 146 = 44. Suppose -m - 5*p + w = 0, 3*m + 179 = 5*m - p. What are the prime factors of m?
2, 3, 5
Let c = 9216 - 2995. What are the prime factors of c?
6221
Let t(g) be the first derivative of -25*g**2 - 73*g + 155. List the prime factors of t(-4).
127
Suppose -29*p + 2*b = -28*p - 28222, 5*p - 5*b - 141120 = 0. What are the prime factors of p?
2, 11, 1283
List the prime factors of (2/(-7) - (-297)/(-63)) + (-243127)/(-37).
2, 7, 67
Suppose -38*d = -35*d - 2*t + 3989, 0 = -d - 2*t - 1319. Let p = d - -1964. What are the prime factors of p?
7, 13
Suppose 0 = -z + n - 2, 26*n = -z + 21*n + 22. Let t(o) = -o + 8. Let s be t(6). Suppose 171 = z*l - 5*p, -s*l - 2*p = -3*p - 175. List the prime factors of l.
2, 11
Let s = -202 - -109. Let a = s - -161. What are the prime factors of a?
2, 17
Let v = -30273 + 47745. Suppose 59*d - 11*d - v = 0. List the prime factors of d.
2, 7, 13
Let x be (-6)/(-8) + (-9873)/(-36). List the prime factors of (x + 2)/(30 - 29).
277
Suppose -5*f + 1569 = -3*f + k, k = f - 777. Suppose 3*u - 1574 = -4*b, 3*b - b = -4*u + f. List the prime factors of b.
5, 79
Let j(a) = -1. Let t(p) = -9*p - 5. Let z be (-1)/(57/(-15) - -4). Let d(y) = z*j(y) - t(y). List the prime factors of d(9).
7, 13
Let s(x) = -x**3 + 4*x**2 - 3*x + 2. Let i be s(3). Suppose -49 = -11*t + 270. Suppose i*b - 3 = t. What are the prime factors of b?
2
Suppose 48*k + 180194 = 524258. What are the prime factors of k?
2, 7
Let a(k) = 9*k + 68. Let d be a(10). Suppose 3*r - d = -2*s, s - r - 158 = -s. What are the prime factors of s?
79
Suppose 6*g - 71*g + 438750 = 0. List the prime factors of g.
2, 3, 5
Let t = 12474 - 6086. What are the prime factors of t?
2, 1597
Suppose 0 = -301*o + 283*o + 106038. List the prime factors of o.
43, 137
Let r(d) = -d**2 + 6*d + 2. Let f be r(5). Let p(q) = q + 7. Let j be p(f). Suppose 0*t = -c + t + j, -5*c - 3*t = -78. What are the prime factors of c?
3, 5
Suppose 0 = -5*z + 393*d - 390*d + 304574, -2*d = -z + 60926. List the prime factors of z.
2, 5, 6091
Let c = -115 - -188. Suppose 9*u = 2548 - c. List the prime factors of u.
5, 11
Let r = -40 - -34. Let y(v) = 13*v + 3. Let j be y(r). Let d = j + 87. List the prime factors of d.
2, 3
Suppose -6*s - 724 = -10*s. Let z = s - 81. Suppose -5*m + 388 = -g, -m - 20 + z = -g. List the prime factors of m.
7, 11
Let z(x) = -79*x + 12. Let d(f) = 237*f - 35. Let c(s) = -4*d(s) - 11*z(s). Let a be (2 + -5)/(0 - 12/(-8)). List the prime factors of c(a).
2, 83
Suppose -4*c = -3*o - 28291, 166*c - 35365 = 161*c + 4*o. List the prime factors of c.
7069
Let v = -2645 - -4829. Suppose -3*g - 5*c + v = -474, 2*g = 3*c + 1791. List the prime factors of g.
3, 11
Suppose -22135 = -w + 469*q - 468*q, -5*w + 110693 = 4*q. List the prime factors of w.
3, 47, 157
Suppose 0 = 7659*t - 7673*t + 6944. List the prime factors of t.
2, 31
Let l = -496 - -498. Suppose -1616 = g - 3*g - 5*x, 1588 = l*g - 2*x. What are the prime factors of g?
2, 3, 7, 19
Suppose 3*z + 8 = -r, -4*z + 3*z = -r + 4. Let w be (-152)/14 - (40/(-14) - z). Let i = 51 + w. List the prime factors of i.
2, 5
Let j = -632 - -16779. What are the prime factors of j?
67, 241
Let c(z) = 5*z**3 + z**2 + 10*z - 16. Let h be c(3). Let b = h - 4. What are the prime factors of b?
2, 7, 11
What are the prime factors of (794865/(-30))/((-11)/22)?
19, 2789
Let m = 161 - -34. Let v = -112 + m. What are the prime factors of (v/5 - 0)*(-3 - -8)?
83
Suppose 0*y + 267 = 2*y - 3*b, -5*y + 690 = -3*b. Suppose -u + 0*u - 3*a = -y, -5*u + 716 = 4*a. List the prime factors of u.
2, 3
Suppose 11*s = -17 + 39. Suppose 0 = -s*p - 300 - 122. Let h = p - -411. List the prime factors of h.
2, 5
Suppose -i - 36958 = -14*i + 100439. List the prime factors of i.
3, 13, 271
Let v(u) = 3*u + 939. Let o be v(0). Let l = o - 511. Suppose -114 = 3*a + 2*z - l, 88 = a + 4*z. What are the prime factors of a?
2, 3
Let x be ((-5)/((-30)/(-9)))/((-12)/8). List the prime factors of 310 + x/(2/(-12)).
2, 19
Suppose 6420 = 2*s + 12*n - 15*n, 5*n + 12838 = 4*s. Suppose -2*z + s - 1169 = 0. List the prime factors of z.
1019
Suppose 3*w + k + 0 = -20, -3*w - 2*k = 22. Let p(m) be the second derivative of -7*m**3/3 - 10*m**2 - 1137*m. What are the prime factors of p(w)?
2
Let u(s) be the first derivative of s**4/4 - s**3/6 - 11*s**2 + 18*s - 32. Let b(a) be the first derivative of u(a). List the prime factors of b(5).
2, 3
Let s(w) = 13*w - 6. Let h be s(2). Let j be h*(3/(-4) - -1). Suppose -2*z - j*k + 2*k = -163, -2*k = -5*z + 417. List the prime factors of z.
83
Let d(w) = 4*w**3 - 8*w**2 - 21*w + 9. Let p(l) = -3*l**2 + 33*l + 42. Let b be p(12). List the prime factors of d(b).
3, 17
Let c(h) = -2168*h - 133. List the prime factors of c(-2).
3, 467
Suppose 7*q = 80 + 18. List the prime factors of 3619/q + 4/(-8).
2, 3, 43
Let i = 41 - 154. Let k = i + 548. What are the prime factors of k?
3, 5, 29
Let a(n) = -868*n**3 + 2*n**2 + 3*n + 3. List the prime factors of a(-2).
6949
Let b(w) = -2*w**2 + 24*w + 167. Let o be b(-8). Let c = 4 + -7. List the prime factors of ((-4)/(-6))/(c/o).
2, 17
Let s(n) be the first derivative of 45*n**3 + 2*n + 27. What are the prime factors of s(-1)?
137
List the prime factors of (2 + 378)/(30/345).
2, 5, 19, 23
Let y be 29*(12/(-9))/((-6)/90). List the prime factors of (y/(-30))/((-1)/42).
2, 7, 29
Let y(h) = 96*h**3 + 1. Let a(l) be the first derivative of l**4/4 - 3*l**3 + 15*l**2/2 - 6*l + 12. Let j be a(7). List the prime factors of y(j).
97
Let l be (-786)/5 - (48/(-15))/16. Let f = l - -209. What are the prime factors of f?
2, 13
Let f(u) = -231 + 6*u**3 - u**3 + 231 - u**2. Let z be f(1). Suppose n = z*w + 222, 2*w + 3*w = 2*n - 432. List the prime factors of n.
2, 103
List the prime factors of -6 + 1 + 33626085/809.
2, 5, 1039
Let x(g) = g**2 - 7*g - 14. Let t be x(-3). Suppose -3*r = 3*z - 669, 0 = -2*z + 12 - t. What are the prime factors of r?
3, 5
List the prime factors of 4244*12/176*11.
3, 1061
Suppose -18*j + 29*j = 108272 + 233234. List the prime fac